{"id":255,"date":"2021-06-10T21:16:49","date_gmt":"2021-06-10T19:16:49","guid":{"rendered":"https:\/\/www.hotelreallosbarrios.es\/web\/?page_id=255"},"modified":"2021-12-02T18:53:55","modified_gmt":"2021-12-02T17:53:55","slug":"legal","status":"publish","type":"page","link":"https:\/\/www.hotelreallosbarrios.es\/web\/legal\/","title":{"rendered":"Aviso legal"},"content":{"rendered":"\n<div class=\"wp-block-themeisle-blocks-advanced-columns has-1-columns has-desktop-equal-layout has-tablet-equal-layout has-mobile-equal-layout has-default-gap has-vertical-unset\" id=\"wp-block-themeisle-blocks-advanced-columns-536ad121\"><div class=\"wp-block-themeisle-blocks-advanced-columns-overlay\"><\/div><div class=\"innerblocks-wrap\">\n<div class=\"wp-block-themeisle-blocks-advanced-column\" id=\"wp-block-themeisle-blocks-advanced-column-fec5140b\">\n<p>El acceso y uso del sitio web est\u00e1 sujeto al presente aviso legal, para dar cumplimiento a las obligaciones dispuestas en la Ley 34\/2002, de Servicios de la Sociedad de la Informaci\u00f3n y del Comercio Electr\u00f3nico (LSSI-CE),&nbsp;&nbsp;por lo que recomendamos su lectura. Como usuario se compromete a utilizarlo de conformidad con lo aqu\u00ed establecido, as\u00ed como a la normativa legal vigente en el momento de su utilizaci\u00f3n.&nbsp;<\/p>\n\n\n\n<p><strong>1. DATOS DE IDENTIFICACI\u00d3N<\/strong><\/p>\n\n\n\n<ul class=\"wp-block-list\"><li><strong>Denominaci\u00f3n social:<\/strong>&nbsp;Hotel Real Los Barrios, S.L.<\/li><li><strong>CIF:<\/strong>&nbsp;&nbsp;B11296654<\/li><li><strong>Domicilio:<\/strong>&nbsp;Avda. Pablo Picasso, 7&nbsp;&nbsp;11370-Los Barrios (C\u00e1diz -Espa\u00f1a)&nbsp;<strong><\/strong><\/li><li><strong>Tel\u00e9fono :<\/strong>&nbsp;(+34) 956 620 024<\/li><li><strong>Email:<\/strong>&nbsp;<a href=\"mailto:hotelreallosbarrios@gmail.com\">hotelreallosbarrios@gmail.com<\/a><\/li><li><strong>Datos de inscripci\u00f3n de la Sociedad:<\/strong><ul><li>Inscrita en el&nbsp;Registro Mercantil&nbsp;de la Provincia de C\u00e1diz, tomo: 789, folio 87, hoja CA-5.614<\/li><\/ul><\/li><li><strong>Dominio:&nbsp;<\/strong><a href=\"http:\/\/www.hotelreallosbarrios.es\/\">www.hotelreallosbarrios.es<\/a><strong><\/strong><\/li><\/ul>\n\n\n\n<p><strong>2. OBJETO<\/strong><\/p>\n\n\n\n<p>El Sitio Web es propiedad de Hotel Real Los Barrios, S.L. (en adelante, el Hotel).&nbsp;&nbsp;El presente aviso legal regula el acceso y la utilizaci\u00f3n del sitio web alojado bajo el nombre de dominio&nbsp;<a href=\"http:\/\/www.hotelreallosbarrios.es\/\">www.hotelreallosbarrios.es<\/a>&nbsp;(en adelante el \u00abSitio Web\u00bb) as\u00ed como los contenidos, productos, y servicios puestos a disposici\u00f3n de sus usuarios, (en adelante los \u00abUsuarios\u00bb).<\/p>\n\n\n\n<p><strong>3. HIPERV\u00cdNCULOS<\/strong><\/p>\n\n\n\n<p>El Sitio Web puede incluir enlaces a otros sitios web gestionados por terceros de cuyos contenidos el Hotel no tiene&nbsp;&nbsp;control, por lo que no&nbsp;&nbsp;asumir\u00e1 ning\u00fan tipo de responsabilidad frente a ellos. En todo caso, proceder\u00e1 a la retirada inmediata de la redirecci\u00f3n a dicho sitio web y de cualquier contenido que pudiera contravenir la legislaci\u00f3n nacional o internacional, la moral o el orden p\u00fablico, poniendo en conocimiento de las autoridades competentes el contenido en cuesti\u00f3n.<\/p>\n\n\n\n<p><strong>4. PROPIEDAD INTELECTUAL E INDUSTRIAL<\/strong><\/p>\n\n\n\n<p>El Sitio Web, incluyendo a t\u00edtulo enunciativo, pero no limitativo su programaci\u00f3n, edici\u00f3n, compilaci\u00f3n y dem\u00e1s elementos necesarios para su funcionamiento, los dise\u00f1os, logotipos, texto y\/o gr\u00e1ficos es propiedad del Hotel, o en su caso dispone de licencia o autorizaci\u00f3n por parte de los autores. Todos los contenidos del Sitio Web se encuentran debidamente protegidos por la normativa espa\u00f1ola e internacional en materia de propiedad intelectual e industrial, as\u00ed como inscritos en los registros p\u00fablicos correspondientes.<\/p>\n\n\n\n<p>Independientemente de la finalidad para la que fueran destinados, la reproducci\u00f3n total o parcial, uso, explotaci\u00f3n, distribuci\u00f3n y comercializaci\u00f3n, requiere en todo caso de&nbsp;&nbsp;previa autorizaci\u00f3n escrita. Cualquier uso no autorizado ser\u00e1 considerado un incumplimiento grave de los derechos de propiedad intelectual o industrial del autor. Los dise\u00f1os, logotipos, texto y\/o gr\u00e1ficos ajenos al Hotel y que pudieran aparecer en el Sitio Web, pertenecen a sus respectivos propietarios, siendo ellos mismos responsables de cualquier posible controversia que pudiera suscitarse respecto a los mismos.&nbsp;<\/p>\n\n\n\n<p>Para realizar cualquier tipo de observaci\u00f3n respecto a posibles incumplimientos de los derechos de propiedad intelectual o industrial, as\u00ed como sobre cualquiera de los contenidos del Sitio Web, puede dirigir un&nbsp; correo electr\u00f3nico a&nbsp;<a href=\"mailto:hotelreallosbarrios@gmail.com\">hotelreallosbarrios@gmail.com<\/a><\/p>\n\n\n\n<p>El Hotel se reserva expresamente cuantas acciones civiles y penales pudieran corresponderle como consecuencia de la vulneraci\u00f3n de la pac\u00edfica posesi\u00f3n y\/o titularidad no autorizada de los derechos de propiedad industrial e intelectual.<\/p>\n\n\n\n<p><strong>5. POL\u00cdTICA DE PRIVACIDAD<\/strong><\/p>\n\n\n\n<p>En virtud de lo establecido por la normativa aplicable en materia de protecci\u00f3n de datos, todos los datos de car\u00e1cter personal que facilite a trav\u00e9s de los correspondientes formularios durante la utilizaci\u00f3n del Sitio Web ser\u00e1n tratados por el Hotel de forma confidencial y seg\u00fan la normativa de protecci\u00f3n de datos aplicable y no ser\u00e1n divulgados a terceros, a menos que sea necesario para el cumplimiento de las obligaciones contractuales y por obligaci\u00f3n legal. Podr\u00e1 encontrar m\u00e1s informaci\u00f3n en la Pol\u00edtica de Privacidad del Sitio Web.<\/p>\n<\/div>\n<\/div><\/div>\n","protected":false},"excerpt":{"rendered":"","protected":false},"author":1,"featured_media":0,"parent":0,"menu_order":0,"comment_status":"closed","ping_status":"closed","template":"","meta":{"neve_meta_sidebar":"full-width","neve_meta_container":"","neve_meta_enable_content_width":"on","neve_meta_content_width":100,"neve_meta_title_alignment":"","neve_meta_author_avatar":"","neve_post_elements_order":"","neve_meta_disable_header":"","neve_meta_disable_footer":"","neve_meta_disable_title":"","neve_meta_reading_time":"","_themeisle_gutenberg_block_has_review":false,"footnotes":""},"class_list":["post-255","page","type-page","status-publish","hentry"],"jetpack_sharing_enabled":true,"_links":{"self":[{"href":"https:\/\/www.hotelreallosbarrios.es\/web\/wp-json\/wp\/v2\/pages\/255","targetHints":{"allow":["GET"]}}],"collection":[{"href":"https:\/\/www.hotelreallosbarrios.es\/web\/wp-json\/wp\/v2\/pages"}],"about":[{"href":"https:\/\/www.hotelreallosbarrios.es\/web\/wp-json\/wp\/v2\/types\/page"}],"author":[{"embeddable":true,"href":"https:\/\/www.hotelreallosbarrios.es\/web\/wp-json\/wp\/v2\/users\/1"}],"replies":[{"embeddable":true,"href":"https:\/\/www.hotelreallosbarrios.es\/web\/wp-json\/wp\/v2\/comments?post=255"}],"version-history":[{"count":2,"href":"https:\/\/www.hotelreallosbarrios.es\/web\/wp-json\/wp\/v2\/pages\/255\/revisions"}],"predecessor-version":[{"id":312,"href":"https:\/\/www.hotelreallosbarrios.es\/web\/wp-json\/wp\/v2\/pages\/255\/revisions\/312"}],"wp:attachment":[{"href":"https:\/\/www.hotelreallosbarrios.es\/web\/wp-json\/wp\/v2\/media?parent=255"}],"curies":[{"name":"wp","href":"https:\/\/api.w.org\/{rel}","templated":true}]}}