{"id":105,"date":"2020-06-29T23:38:07","date_gmt":"2020-06-29T23:38:07","guid":{"rendered":"https:\/\/demosites.io\/pet-shop-gb\/?page_id=105"},"modified":"2021-12-02T19:07:36","modified_gmt":"2021-12-02T18:07:36","slug":"d09c8-home","status":"publish","type":"page","link":"https:\/\/www.hotelreallosbarrios.es\/web\/","title":{"rendered":"Inicio"},"content":{"rendered":"\n<div class=\"wp-block-themeisle-blocks-advanced-columns alignfull has-1-columns has-desktop-equal-layout has-tablet-equal-layout has-mobile-equal-layout has-default-gap has-vertical-unset\" id=\"wp-block-themeisle-blocks-advanced-columns-cbb7d63f\"><div class=\"wp-block-themeisle-blocks-advanced-columns-overlay\"><\/div><div class=\"innerblocks-wrap\">\n<div class=\"wp-block-themeisle-blocks-advanced-column\" id=\"wp-block-themeisle-blocks-advanced-column-9099e04a\">\n<h1 class=\"has-text-align-center has-white-color has-text-color wp-block-heading\">Hotel Real<\/h1>\n\n\n\n<p id=\"wp-block-themeisle-blocks-advanced-heading-5ba2036d\" class=\"wp-block-themeisle-blocks-advanced-heading wp-block-themeisle-blocks-advanced-heading-5ba2036d\">Tu hotel en Los Barrios, C\u00e1diz<\/p>\n\n\n\n<div id=\"wp-block-themeisle-blocks-button-group-72abf9df\" class=\"wp-block-themeisle-blocks-button-group wp-block-buttons align-center\">\n<div id=\"wp-block-themeisle-blocks-button-1b647751\" class=\"wp-block-themeisle-blocks-button wp-block-button\"><a href=\"\/web\/contacto\/\" target=\"_self\" rel=\"noopener noreferrer\" class=\"wp-block-button__link\"><span>CONTACTA CON NOSOTROS<\/span><i class=\"fas fa-fw fa-arrow-right margin-left\"><\/i><\/a><\/div>\n<\/div>\n<\/div>\n<\/div><\/div>\n\n\n\n<div class=\"wp-block-themeisle-blocks-advanced-columns alignfull has-3-columns has-desktop-equal-layout has-tablet-equal-layout has-mobile-collapsedRows-layout has-default-gap has-vertical-unset\" id=\"wp-block-themeisle-blocks-advanced-columns-ab114888\"><div class=\"wp-block-themeisle-blocks-advanced-columns-overlay\"><\/div><div class=\"innerblocks-wrap\">\n<div class=\"wp-block-themeisle-blocks-advanced-column\" id=\"wp-block-themeisle-blocks-advanced-column-76cf25ee\">\n<div class=\"wp-block-themeisle-blocks-service\">\n<p class=\"wp-block-themeisle-blocks-font-awesome-icons\" id=\"wp-block-themeisle-blocks-font-awesome-icons-bc6879e6\"><span class=\"wp-block-themeisle-blocks-font-awesome-icons-container\"><i class=\"fas fa-map-marker-alt\"><\/i><\/span><\/p>\n\n\n\n<h3 class=\"has-text-align-center wp-block-heading\">Bien ubicado<\/h3>\n\n\n\n<p class=\"has-text-align-center\">Estamos situados en la localidad de Los Barrios, un pueblo con encanto que se encuentra a 25 minutos de Tarifa y de Gibraltar, y a unos 15 minutos en coche del puerto de Algeciras y de la playa de Palmones.<\/p>\n<\/div>\n<\/div>\n\n\n\n<div class=\"wp-block-themeisle-blocks-advanced-column\" id=\"wp-block-themeisle-blocks-advanced-column-e4703d6c\">\n<p class=\"wp-block-themeisle-blocks-font-awesome-icons\" id=\"wp-block-themeisle-blocks-font-awesome-icons-8d7704f6\"><span class=\"wp-block-themeisle-blocks-font-awesome-icons-container\"><i class=\"fas fa-coffee\"><\/i><\/span><\/p>\n\n\n\n<h3 class=\"has-text-align-center wp-block-heading\">Bar-cafeter\u00eda<\/h3>\n\n\n\n<p class=\"has-text-align-center\">Contamos con bar cafeter\u00eda donde te servimos desayunos t\u00edpicos y aperitivos. Tambi\u00e9n tenemos servicio de restaurante, s\u00f3lo para grupos y eventos, con previa reserva.<\/p>\n<\/div>\n\n\n\n<div class=\"wp-block-themeisle-blocks-advanced-column\" id=\"wp-block-themeisle-blocks-advanced-column-2d0eeda8\">\n<p class=\"wp-block-themeisle-blocks-font-awesome-icons\" id=\"wp-block-themeisle-blocks-font-awesome-icons-662e3790\"><span class=\"wp-block-themeisle-blocks-font-awesome-icons-container\"><i class=\"fas fa-concierge-bell\"><\/i><\/span><\/p>\n\n\n\n<h3 class=\"has-text-align-center wp-block-heading\">Servicio<\/h3>\n\n\n\n<p class=\"has-text-align-center\">Recepci\u00f3n abierta las 24 horas.<\/p>\n<\/div>\n<\/div><\/div>\n\n\n\n<div class=\"wp-block-themeisle-blocks-advanced-columns alignfull has-2-columns has-desktop-oneTwo-layout has-tablet-equal-layout has-mobile-collapsedRows-layout has-default-gap has-vertical-unset\" id=\"wp-block-themeisle-blocks-advanced-columns-08bcd8f6\"><div class=\"wp-block-themeisle-blocks-advanced-columns-overlay\"><\/div><div class=\"innerblocks-wrap\">\n<div class=\"wp-block-themeisle-blocks-advanced-column\" id=\"wp-block-themeisle-blocks-advanced-column-7ccc17b6\"><\/div>\n\n\n\n<div class=\"wp-block-themeisle-blocks-advanced-column\" id=\"wp-block-themeisle-blocks-advanced-column-546e1574\">\n<h2 class=\"has-nv-text-dark-bg-color has-text-color wp-block-heading\">Actividades<\/h2>\n\n\n\n<div style=\"height:20px\" aria-hidden=\"true\" class=\"wp-block-spacer\"><\/div>\n\n\n\n<p class=\"has-nv-text-dark-bg-color has-text-color\" style=\"font-size:22px\">Nuestra ubicaci\u00f3n te permitir\u00e1 realizar muchas actividades y conocer lugares incre\u00edbles de la provincia de C\u00e1diz<\/p>\n\n\n\n<div style=\"height:40px\" aria-hidden=\"true\" class=\"wp-block-spacer\"><\/div>\n\n\n\n<div class=\"wp-block-themeisle-blocks-advanced-columns has-1-columns has-desktop-equal-layout has-tablet-equal-layout has-mobile-equal-layout has-default-gap has-vertical-unset\" id=\"wp-block-themeisle-blocks-advanced-columns-df8118fa\"><div class=\"wp-block-themeisle-blocks-advanced-columns-overlay\"><\/div><div class=\"innerblocks-wrap\">\n<div class=\"wp-block-themeisle-blocks-advanced-column\" id=\"wp-block-themeisle-blocks-advanced-column-c80a1684\">\n<p id=\"wp-block-themeisle-blocks-advanced-heading-0c193af8\" class=\"wp-block-themeisle-blocks-advanced-heading wp-block-themeisle-blocks-advanced-heading-0c193af8\">BTT LOS ALCORNOCALES<\/p>\n\n\n\n<p><span class=\"has-inline-color has-nv-text-dark-bg-color\">En el municipio de Los Barrios se encuentra ubicado el centro BTT de los Alcornocales, donde tienes unas rutas dise\u00f1adas para la pr\u00e1ctica del ciclismo de monta\u00f1a o BTT.<\/span><\/p>\n\n\n\n<p><span class=\"has-inline-color has-nv-text-dark-bg-color\">Ya sabes, al\u00f3jate en el Hotel Real y lo tendr\u00e1s todo perfectamente a mano.<\/span><\/p>\n\n\n\n<p id=\"wp-block-themeisle-blocks-advanced-heading-d314d49a\" class=\"wp-block-themeisle-blocks-advanced-heading wp-block-themeisle-blocks-advanced-heading-d314d49a\">SENDERISMO<\/p>\n\n\n\n<p><span class=\"has-inline-color has-nv-text-dark-bg-color\">An\u00edmate a hacer senderismo en el Parque Natural de Los Alcornocales. Hay varios senderos que puedes escoger seg\u00fan el nivel de dificultad que prefieras.<\/span><\/p>\n\n\n\n<p><span class=\"has-inline-color has-nv-text-dark-bg-color\">En este parque vas a ver los mayores alcornocales del planeta, acebuches, encinas, algarrobos&#8230;. vaya, no lo dudes y disfruta de esta maravillosa naturaleza con tu familia o tus amigos.<\/span><\/p>\n\n\n\n<p id=\"wp-block-themeisle-blocks-advanced-heading-454a78bf\" class=\"wp-block-themeisle-blocks-advanced-heading wp-block-themeisle-blocks-advanced-heading-454a78bf\">VERANO<\/p>\n\n\n\n<p class=\"has-nv-text-dark-bg-color has-text-color\">En verano tambi\u00e9n tienes a tan solo 15 minutos en coche, la Playa de Palmones, una playa peque\u00f1a, de f\u00e1cil acceso y con una paseo mar\u00edtimo con bares y restaurantes para tomar algo.<\/p>\n\n\n\n<p id=\"wp-block-themeisle-blocks-advanced-heading-dbea6d1c\" class=\"wp-block-themeisle-blocks-advanced-heading wp-block-themeisle-blocks-advanced-heading-dbea6d1c\">SEMANA SANTA<\/p>\n\n\n\n<p class=\"has-nv-text-dark-bg-color has-text-color\">Si vienes en Semana Santa vas ver una de las fiestas m\u00e1s importantes del Campo de Gibraltar. El domingo de resurecci\u00f3n se celebra el toro embolado donde hay gente que esquiva las embestidas del toro que corre por las calles de la ciudad hasta llegar a la plaza de toros. La noche anterior hay una gran verbena a la que se acercan los locales y los de los pueblos aleda\u00f1os.<\/p>\n<\/div>\n<\/div><\/div>\n<\/div>\n<\/div><\/div>\n","protected":false},"excerpt":{"rendered":"","protected":false},"author":1,"featured_media":0,"parent":0,"menu_order":0,"comment_status":"closed","ping_status":"closed","template":"","meta":{"neve_meta_sidebar":"full-width","neve_meta_container":"","neve_meta_enable_content_width":"on","neve_meta_content_width":100,"neve_meta_title_alignment":"","neve_meta_author_avatar":"","neve_post_elements_order":"","neve_meta_disable_header":"","neve_meta_disable_footer":"","neve_meta_disable_title":"on","neve_meta_reading_time":"","_themeisle_gutenberg_block_has_review":false,"footnotes":""},"class_list":["post-105","page","type-page","status-publish","hentry"],"jetpack_sharing_enabled":true,"_links":{"self":[{"href":"https:\/\/www.hotelreallosbarrios.es\/web\/wp-json\/wp\/v2\/pages\/105","targetHints":{"allow":["GET"]}}],"collection":[{"href":"https:\/\/www.hotelreallosbarrios.es\/web\/wp-json\/wp\/v2\/pages"}],"about":[{"href":"https:\/\/www.hotelreallosbarrios.es\/web\/wp-json\/wp\/v2\/types\/page"}],"author":[{"embeddable":true,"href":"https:\/\/www.hotelreallosbarrios.es\/web\/wp-json\/wp\/v2\/users\/1"}],"replies":[{"embeddable":true,"href":"https:\/\/www.hotelreallosbarrios.es\/web\/wp-json\/wp\/v2\/comments?post=105"}],"version-history":[{"count":12,"href":"https:\/\/www.hotelreallosbarrios.es\/web\/wp-json\/wp\/v2\/pages\/105\/revisions"}],"predecessor-version":[{"id":323,"href":"https:\/\/www.hotelreallosbarrios.es\/web\/wp-json\/wp\/v2\/pages\/105\/revisions\/323"}],"wp:attachment":[{"href":"https:\/\/www.hotelreallosbarrios.es\/web\/wp-json\/wp\/v2\/media?parent=105"}],"curies":[{"name":"wp","href":"https:\/\/api.w.org\/{rel}","templated":true}]}}